{"id":878,"date":"2020-05-06T16:47:55","date_gmt":"2020-05-06T16:47:55","guid":{"rendered":"http:\/\/www.mbgarquitectura.es\/?page_id=878"},"modified":"2020-05-07T11:26:00","modified_gmt":"2020-05-07T11:26:00","slug":"contacto","status":"publish","type":"page","link":"http:\/\/www.mbgarquitectura.es\/?page_id=878","title":{"rendered":"CONTACTO"},"content":{"rendered":"<h2 class=\"section-title center\">VIS\u00cdTANOS, LL\u00c1MANOS O ENV\u00cdANOS UN E-MAIL<\/h2>\n\n\n\n<figure class=\"wp-block-table is-style-regular\"><table><tbody><tr><td><a href=\"https:\/\/www.google.es\/maps\/place\/Av.+M-40,+23,+28925+Alcorc%C3%B3n,+Madrid\/@40.3951078,-3.8369909,17z\/data=!3m1!4b1!4m5!3m4!1s0xd418f4f5d0c79a5:0x620d8ee02600bd5d!8m2!3d40.3951078!4d-3.8348022\" target=\"_blank\" rel=\"noreferrer noopener\"><img decoding=\"async\" loading=\"lazy\" width=\"168\" height=\"172\" class=\"wp-image-884\" style=\"width: 50px;\" src=\"http:\/\/www.mbgarquitectura.es\/wp-content\/uploads\/2020\/05\/WhatsApp-Image-2020-05-06-at-18.16.53-2.jpeg\" alt=\"\"><\/a><\/td><td><a href=\"tel:\/\/+34636951612\" target=\"_blank\" rel=\"noreferrer noopener\"><img decoding=\"async\" loading=\"lazy\" width=\"168\" height=\"172\" class=\"wp-image-885\" style=\"width: 50px;\" src=\"http:\/\/www.mbgarquitectura.es\/wp-content\/uploads\/2020\/05\/WhatsApp-Image-2020-05-06-at-18.16.53-1.jpeg\" alt=\"\"><\/a><\/td><td><a href=\"mailto:mbgnarq@mbgarquitectura.es\" target=\"_blank\" rel=\"noreferrer noopener\"><img decoding=\"async\" loading=\"lazy\" width=\"168\" height=\"172\" class=\"wp-image-886\" style=\"width: 50px;\" src=\"http:\/\/www.mbgarquitectura.es\/wp-content\/uploads\/2020\/05\/WhatsApp-Image-2020-05-06-at-18.16.53.jpeg\" alt=\"\"><\/a><\/td><\/tr><tr><td><a href=\"https:\/\/www.google.es\/maps\/place\/Av.+M-40,+23,+28925+Alcorc%C3%B3n,+Madrid\/@40.3951078,-3.8369909,17z\/data=!3m1!4b1!4m5!3m4!1s0xd418f4f5d0c79a5:0x620d8ee02600bd5d!8m2!3d40.3951078!4d-3.8348022\" target=\"_blank\" rel=\"noreferrer noopener\">Avda. M-40 n\u00ba23, Local 68 28.925 Alcorc\u00f3n (Madrid)<\/a><\/td><td><a href=\"tel:\/\/+34636951612\" target=\"_blank\" rel=\"noreferrer noopener\">+34.636.95.16.12<\/a><\/td><td><a href=\"mailto:mbgnarq@mbgarquitectura.es\" target=\"_blank\" rel=\"noreferrer noopener\">mbgnarq@mbgarquitectura.es<\/a><\/td><\/tr><\/tbody><\/table><\/figure>\n\n\n<p><h2 class=\"section-title center\">PONTE EN CONTACTO CON NOSOTROS<\/h2><\/p>\n\n<div class=\"wpforms-container wpforms-container-full\" id=\"wpforms-572\"><form id=\"wpforms-form-572\" class=\"wpforms-validate wpforms-form\" data-formid=\"572\" method=\"post\" enctype=\"multipart\/form-data\" action=\"\/index.php?rest_route=%2Fwp%2Fv2%2Fpages%2F878\" data-token=\"c2a53929075f8e562d2bea30cfb474ec\" data-token-time=\"1775335032\"><noscript class=\"wpforms-error-noscript\">Por favor, activa JavaScript en tu navegador para completar este formulario.<\/noscript><div class=\"wpforms-field-container\"><div id=\"wpforms-572-field_0-container\" class=\"wpforms-field wpforms-field-name\" data-field-id=\"0\"><label class=\"wpforms-field-label\">Nombre <span class=\"wpforms-required-label\">*<\/span><\/label><div class=\"wpforms-field-row wpforms-field-large\"><div class=\"wpforms-field-row-block wpforms-first wpforms-one-half\"><input type=\"text\" id=\"wpforms-572-field_0\" class=\"wpforms-field-name-first wpforms-field-required\" name=\"wpforms[fields][0][first]\" required><label for=\"wpforms-572-field_0\" class=\"wpforms-field-sublabel after\">Nombre<\/label><\/div><div class=\"wpforms-field-row-block wpforms-one-half\"><input type=\"text\" id=\"wpforms-572-field_0-last\" class=\"wpforms-field-name-last wpforms-field-required\" name=\"wpforms[fields][0][last]\" required><label for=\"wpforms-572-field_0-last\" class=\"wpforms-field-sublabel after\">Apellidos<\/label><\/div><\/div><\/div><div id=\"wpforms-572-field_1-container\" class=\"wpforms-field wpforms-field-email\" data-field-id=\"1\"><label class=\"wpforms-field-label\" for=\"wpforms-572-field_1\">Correo electr\u00f3nico <span class=\"wpforms-required-label\">*<\/span><\/label><input type=\"email\" id=\"wpforms-572-field_1\" class=\"wpforms-field-medium wpforms-field-required\" name=\"wpforms[fields][1]\" spellcheck=\"false\" required><\/div><div id=\"wpforms-572-field_2-container\" class=\"wpforms-field wpforms-field-textarea\" data-field-id=\"2\"><label class=\"wpforms-field-label\" for=\"wpforms-572-field_2\">Comentario o mensaje <span class=\"wpforms-required-label\">*<\/span><\/label><textarea id=\"wpforms-572-field_2\" class=\"wpforms-field-medium wpforms-field-required\" name=\"wpforms[fields][2]\" required><\/textarea><\/div><\/div><!-- .wpforms-field-container --><div class=\"wpforms-field wpforms-field-hp\"><label for=\"wpforms-572-field-hp\" class=\"wpforms-field-label\">Email<\/label><input type=\"text\" name=\"wpforms[hp]\" id=\"wpforms-572-field-hp\" class=\"wpforms-field-medium\"><\/div><div class=\"wpforms-submit-container\" ><input type=\"hidden\" name=\"wpforms[id]\" value=\"572\"><input type=\"hidden\" name=\"page_title\" value=\"\"><input type=\"hidden\" name=\"page_url\" value=\"http:\/\/www.mbgarquitectura.es\/index.php?rest_route=\/wp\/v2\/pages\/878\"><input type=\"hidden\" name=\"url_referer\" value=\"\"><button type=\"submit\" name=\"wpforms[submit]\" id=\"wpforms-submit-572\" class=\"wpforms-submit\" data-alt-text=\"Enviando...\" data-submit-text=\"Enviar\" aria-live=\"assertive\" value=\"wpforms-submit\">Enviar<\/button><\/div><\/form><\/div>  <!-- .wpforms-container -->\n","protected":false},"excerpt":{"rendered":"<p>Avda. M-40 n\u00ba23, Local 68 28.925 Alcorc\u00f3n (Madrid) +34.636.95.16.12 mbgnarq@mbgarquitectura.es<\/p>\n","protected":false},"author":1,"featured_media":0,"parent":0,"menu_order":0,"comment_status":"closed","ping_status":"closed","template":"","meta":{"footnotes":"","_vp_format_video_url":"","_vp_image_focal_point":[]},"_links":{"self":[{"href":"http:\/\/www.mbgarquitectura.es\/index.php?rest_route=\/wp\/v2\/pages\/878"}],"collection":[{"href":"http:\/\/www.mbgarquitectura.es\/index.php?rest_route=\/wp\/v2\/pages"}],"about":[{"href":"http:\/\/www.mbgarquitectura.es\/index.php?rest_route=\/wp\/v2\/types\/page"}],"author":[{"embeddable":true,"href":"http:\/\/www.mbgarquitectura.es\/index.php?rest_route=\/wp\/v2\/users\/1"}],"replies":[{"embeddable":true,"href":"http:\/\/www.mbgarquitectura.es\/index.php?rest_route=%2Fwp%2Fv2%2Fcomments&post=878"}],"version-history":[{"count":31,"href":"http:\/\/www.mbgarquitectura.es\/index.php?rest_route=\/wp\/v2\/pages\/878\/revisions"}],"predecessor-version":[{"id":998,"href":"http:\/\/www.mbgarquitectura.es\/index.php?rest_route=\/wp\/v2\/pages\/878\/revisions\/998"}],"wp:attachment":[{"href":"http:\/\/www.mbgarquitectura.es\/index.php?rest_route=%2Fwp%2Fv2%2Fmedia&parent=878"}],"curies":[{"name":"wp","href":"https:\/\/api.w.org\/{rel}","templated":true}]}}